Let x(c) = -c**2 + 1283*c + 9037. Give x(-7).
7
Let z(k) = 9*k**2 + 3*k - 18. What is z(0)?
-18
Let r(h) = 354*h + 155401. Give r(-439).
-5
Let h(y) = -2*y**2 - 562*y - 19677. Determine h(-41).
3
Let x(q) = 11*q**2 - 2*q - 1. Give x(2).
39
Let k(y) = -y**3 - 13*y**2 - 12*y - 24. Calculate k(-14).
340
Let u(n) = n**3 + 16*n**2 + 20*n - 28. Determine u(-13).
219
Let h(v) = -v**3 + 18*v**2 + 117*v - 51. Calculate h(23).
-5
Let l(v) = -v - 30. What is l(-2)?
-28
Let v(y) = 2*y**3 + 53*y**2 - 167*y - 617. Give v(-29).
21
Let h(v) = -86*v**2 + 743*v + 284. Give h(9).
5
Let x(h) = -12*h - 417. What is x(-29)?
-69
Let n(y) = y**3 - 14*y**2 - 25*y - 37. Calculate n(15).
-187
Let g(f) = f**3 - 19*f**2 + 43*f - 16. Give g(17).
137
Let b(g) = -3*g**2 + 87*g - 11. Calculate b(31).
-197
Let n(b) = 18*b + 861. Calculate n(-72).
-435
Let j(h) = 2*h**2 + 280*h + 1845. What is j(-7)?
-17
Let w(o) = 98*o - 494. Calculate w(5).
-4
Let y(m) = 2*m**2 + 42*m - 754. Determine y(-33).
38
Let n(g) = 141*g**3 + g + 1. Give n(-1).
-141
Let n(c) = 2*c**3 + 15*c**2 + 452*c + 2167. Calculate n(-5).
32
Let j(u) = 11*u**2 - 181. Determine j(-4).
-5
Let g(y) = -y**2 - 33*y - 84. What is g(-16)?
188
Let q(m) = 45*m**2 + 1862*m - 1174. Calculate q(-42).
2
Let p(s) = -288*s - 869. Determine p(-3).
-5
Let g(q) = 3*q**2 + 36*q + 211. What is g(-9)?
130
Let s(a) = -4383*a - 26281. Calculate s(-6).
17
Let d(x) = -x**2 + 970*x - 6731. Determine d(7).
10
Let b(d) = -d**3 - 53*d**2 + 104*d - 378. Determine b(-55).
-48
Let b(y) = 8*y + 20. What is b(-20)?
-140
Let i(x) = -x**2 - 4*x - 13. What is i(-6)?
-25
Let c(l) = l**2 + 16*l + 151. Determine c(-17).
168
Let q(t) = t**3 + 42*t**2 - 18*t - 66. What is q(-42)?
690
Let w(k) = 311*k**2 + 1853*k - 97. Give w(-6).
-19
Let a(q) = q - 13. Calculate a(-57).
-70
Let u(d) = 5*d + 142. Give u(-41).
-63
Let k(z) = 2*z**3 - 42*z**2 - 49*z + 86. Calculate k(22).
-24
Let k(w) = -w**3 + 42*w**2 - 89*w + 372. What is k(40)?
12
Let g(h) = 5*h**3 + 138*h**2 + 81*h - 22. What is g(-27)?
-22
Let v(k) = -k**3 + k**2 + 12*k - 18. Calculate v(2).
2
Let t(p) = 8*p - 22. Give t(-5).
-62
Let g(l) = l**2 - 26*l + 149. Give g(11).
-16
Let z(m) = -m**2 + 17*m + 147. What is z(-10)?
-123
Let k(d) = -5*d**2 - 24*d - 154. What is k(-6)?
-190
Let f(x) = 23*x + 15. Determine f(7).
176
Let t(f) = 2*f**3 - 84*f**2 - 88*f + 14. Determine t(43).
-72
Let v(y) = -25*y**2 - 553*y - 71. What is v(-22)?
-5
Let q(u) = -u**2 - 24*u + 2142. Give q(-59).
77
Let x(t) = -6*t + 18. Calculate x(8).
-30
Let p(r) = r**2 + 22*r - 21. Determine p(-8).
-133
Let p(n) = -87*n - 3547. Determine p(-41).
20
Let s(x) = x**3 - x**2 + 261*x + 531. Give s(-2).
-3
Let s(y) = -14*y + 420. Calculate s(32).
-28
Let v(a) = -44*a**2 + 221*a - 11. Calculate v(5).
-6
Let s(g) = 6*g**3 + g**2 + 12*g - 17. What is s(2)?
59
Let n(j) = 134*j - 465. Determine n(3).
-63
Let r(o) = 1016*o - 2765. What is r(3)?
283
Let f(o) = -3*o - 168. Calculate f(-9).
-141
Let c(p) = -33*p**2 - 49*p + 73. Give c(1).
-9
Let y(z) = -2*z**2 - 27*z + 42. What is y(-14)?
28
Let m(v) = -505*v - 18678. Determine m(-37).
7
Let u(r) = 6*r + 75. Determine u(-7).
33
Let l(o) = -o**3 + 43*o**2 - 3*o + 125. What is l(43)?
-4
Let u(i) = -i**3 + 3*i**2 - 69. What is u(0)?
-69
Let a(h) = -h**3 + 16*h**2 - 22*h + 109. What is a(15)?
4
Let d(v) = 28*v**2 + 812*v + 1. Calculate d(-29).
1
Let g(n) = n**3 + 2*n**2 - 18*n - 7. Give g(4).
17
Let w(z) = -19*z - 1223. Calculate w(-67).
50
Let j(t) = t**3 + 8*t**2 - 12*t + 32. Calculate j(-9).
59
Let m(g) = 22*g**2 - 14*g - 14. Determine m(-1).
22
Let z(y) = 5*y**3 - 49*y**2 + 2*y - 126. Give z(10).
-6
Let g(y) = y**3 - 7*y**2 + 72*y - 519. Give g(7).
-15
Let u(o) = -74*o**2 - 215*o + 4. Determine u(-3).
-17
Let n(q) = -q**3 - 11*q**2 - 2*q - 49. What is n(-12)?
119
Let t(h) = h**2 - 103*h + 921. Calculate t(93).
-9
Let b(l) = -l**2 + 3228*l + 6454. Determine b(-2).
-6
Let d(f) = f**3 - 53*f**2 + 51*f + 89. Calculate d(52).
37
Let y(s) = s**2 + 193*s - 215. What is y(-194)?
-21
Let c(l) = l**3 + 40*l**2 + 220*l - 333. Calculate c(-33).
30
Let r(n) = -n**3 - 5*n**2 - 3*n - 41. Determine r(-6).
13
Let x(a) = a**3 - 57*a**2 - 113*a - 305. What is x(59)?
-10
Let q(c) = c**2 + 18*c + 101. Give q(-11).
24
Let w(t) = t**3 - 23*t**2 + 87*t + 89. Determine w(21).
1034
Let a(u) = -817*u + 1638. Give a(2).
4
Let w(o) = o**3 + 21*o**2 - 163*o - 31. Calculate w(-27).
-4
Let f(c) = -c**3 - 5*c**2 + 152*c + 45. Determine f(-14).
-319
Let q(p) = p**2 - 21. Determine q(-11).
100
Let d(p) = -130*p + 22. What is d(1)?
-108
Let o(x) = x**3 - 39*x**2 + 171*x - 71. What is o(34)?
-37
Let w(d) = -4633*d - 27808. Calculate w(-6).
-10
Let c(p) = p**3 + 21*p**2 + 25*p - 27. Calculate c(-19).
220
Let y(s) = s**2 - 35*s + 241. Determine y(10).
-9
Let h(l) = -2*l**2 - 316*l + 956. Calculate h(3).
-10
Let r(y) = y**3 + 6*y**2 - 6*y - 10. Give r(3).
53
Let r(f) = -2*f**3 + 6*f**2 + 2*f - 10. Give r(4).
-34
Let w(z) = 39*z**2 + 534*z - 175. What is w(-14)?
-7
Let b(j) = -547*j + 5497. Calculate b(10).
27
Let v(p) = 10*p**3 - 20*p**2 + 16*p + 3. What is v(1)?
9
Let y(x) = -6*x**3 + 6*x**2 - 8*x + 3. Give y(2).
-37
Let t(i) = 15*i**2 + 89*i - 33. Calculate t(-10).
577
Let j(p) = -12*p**3 + p**2 - 2*p + 2. Calculate j(2).
-94
Let n(w) = -73*w - 3062. Determine n(-42).
4
Let r(p) = -8*p**3 + 439*p**2 + 50*p + 284. Give r(55).
9
Let w(q) = 10*q**3 + 2*q**2 - 14*q - 23. Calculate w(-2).
-67
Let o(l) = 7*l**2 + 193*l + 650. Determine o(-4).
-10
Let q(l) = -3*l**2 + 451*l - 1023. What is q(148)?
13
Let x(t) = -t**3 - 2*t**2 + 2*t - 127. Give x(-7).
104
Let l(w) = w**3 - 4*w**2 - 11*w + 121. What is l(-5)?
-49
Let v(u) = -31*u**3 + 5*u**2 + 11*u + 7. What is v(-2)?
253
Let c(l) = -260*l + 726. Calculate c(3).
-54
Let o(x) = -2029*x - 8111. Determine o(-4).
5
Let o(i) = -i**3 - 60*i**2 - 3*i - 169. Calculate o(-60).
11
Let u(t) = -t**2 - 27*t - 85. What is u(-24)?
-13
Let o(d) = 5*d**2 + 375*d - 19. Calculate o(-75).
-19
Let h(g) = -114*g + 330. Determine h(3).
-12
Let x(w) = -2*w**2 + 39*w + 40. What is x(19)?
59
Let k(p) = -p**3 + 6*p**2 + 248*p - 28. What is k(19)?
-9
Let s(r) = -4*r**2 + 12*r - 17. What is s(9)?
-233
Let j(a) = -9*a**2 - 126*a - 30. Give j(-14).
-30
Let k(z) = -6*z**3 + 9*z**2 + 5*z - 79. Determine k(5).
-579
Let n(k) = 2*k**3 + 24*k**2 + 9*k + 128. Give n(-12).
20
Let x(t) = 93*t + 3808. Determine x(-41).
-5
Let g(t) = t**3 - 25*t**2 - 305*t - 3. Determine g(-9).
-12
Let q(r) = 20*r**3 - 4*r**2 + 19*r - 11. Calculate q(3).
550
Let m(n) = 2*n**2 - 43*n - 29. What is m(22)?
-7
Let i(u) = 2*u**3 + 28*u**2 + 16*u + 214. What is i(-14)?
-10
Let o(j) = -j**2 + 24*j - 133. Calculate o(18).
-25
Let j(n) = 63*n + 1922. Give j(-30).
32
Let x(z) = -2*z**2 - 158*z - 3001. Calculate x(-48).
-25
Let f(c) = -3*c + 43. Determine f(-17).
94
Let o(b) = 188*b**2 - 14*b + 8. What is o(1)?
182
Let o(q) = q**2 + 178*q + 673. Determine o(-4).
-23
Let t(w) = -w**3 - 260*w**2 + 2143*w + 24. Calculate t(8).
16
Let n(g) = -g**2 - g + 41. Calculate n(-7).
-1
Let g(y) = 2*y**3 + y**2 + 23*y - 175. What is g(6)?
431
Let d(n) = -9*n + 29. What is d(10)?
-61
Let b(w) = -21*w**2 + 1678*w + 175. Give b(80).
15
Let k(v) = -3*v**2 + 36*v - 62. What is k(16)?
-254
Let i(t) = -t**3 + 2*t**2 + 25*t + 68. Calculate i(-3).
38
Let p(y) = y**3 - 15*y**2 + 57*y - 660. Calculate p(14).
-58
Let u(v) = v**2 - v - 36. Determine u(8).
20
Let u(x) = x**3 + 109*x**2 + 302*x - 1749. Determine u(-106).
-53
Let r(a) = -a**3 + 13*a**2 + 12*a + 260. Give r(15).
-10
Let p(o) = -2*o**2 + 90*o - 774. Calculate p(12).
18
Let j(f) = -f**2 + 24*f - 131. Determine j(7).
-12
Let z(a) = -61*a + 322. Give z(5).
17
Let u(w) = 38*w - 101. Give u(3).
13
Let i(s) = 19*s**2 + 75*s - 8. Determine i(-4).
-4
Let n(f) = 6*f - 44. What is n(-16)?
-140
Let u(i) = i**3 + 86*i**2 + 405*i - 4. Calculate u(-81).
-4
Let s(n) = 12*n**2 + 127*n - 5. What is s(-11)?
50
Let f(s) = -s**3 - 25*s**2 - 140*s + 49. Give f(-16).
-15
Let w(z) = -z**3 + 14*z**2 + 633*z - 8858. Give w(14).
4
Let z(g) = 293*g + 4410. Determine z(-15).
15
Let t(y) = y**2 - 24*y + 136. Calculate t(11).
-7
Let c(b) = -598*b + 16059. What is c(27)?
-87
Let m(z) = -z**3 + 44*z**2 + z - 44. Calculate m(44).
0
Let f(p) = 5*p**2 - 638*p 